 b be p(4). Let u(x) = -2 + 12*x + 2*x**2 + 2*x**2 + x**2 - 4*x**b. Calculate u(-12).
-2
Suppose 0 = -5*j - 5*s + 320, 4*j + 5*s - 25 - 227 = 0. Let u(a) = -4 + 2*a**2 + 3 + 73*a - j*a - a**2. Determine u(-4).
-5
Let v(z) = z**2 + 52*z - 474. Let h = 20590 + -20650. Calculate v(h).
6
Let y be -2*((-3)/1 + 1). Let u = 51 - 48. Let c(j) = -3*j**3 - 15*j**2 - j + 5. Let d(o) = -2*o**3 - 8*o**2 - o + 3. Let l(q) = u*c(q) - 5*d(q). What is l(y)?
-8
Let v(a) be the first derivative of 29 - 4*a + 2*a**2 - 1/3*a**3. Let g be (11 - 3) + -3 + 1. What is v(g)?
-16
Let p(g) = -59*g**2 - 36*g + 16. Let t(s) = 199*s**2 + 120*s - 54. Let m(q) = -27*p(q) - 8*t(q). Determine m(-9).
-27
Let v(w) = 4*w**2 + 6*w + 4. Let p be 56/(-29) - -2 - 12896/12064. Give v(p).
2
Let c(r) = 2*r + 17. Let a(m) = m - 2. Let n(x) = -x + 21. Let g(d) = 3*a(d) + n(d). Let y(b) = 4*c(b) - 5*g(b). Calculate y(0).
-7
Let w = -6 - -10. Let h(g) = 11*g + 20. Let i(u) = 5*u + 9. Let x be (21/(-3) - 6)*-1. Let r(o) = x*i(o) - 6*h(o). Calculate r(w).
-7
Let h(k) be the second derivative of -2*k**3/3 - 3*k**2 - 4*k - 460. Calculate h(3).
-18
Let i(s) = 14*s**2 - 152*s - 327. Let f(v) = -5*v**2 + 51*v + 147. Let d(n) = 8*f(n) + 3*i(n). Give d(5).
5
Let p(z) = 14*z. Let v be p(1). Let c be (-162)/63*v/(-3). Let w be 5*-3*4/c. Let t(j) = j**2 + 7*j + 2. Give t(w).
-8
Let n be 15/(-30)*-34 - -12. Let q(l) = l**3 - 31*l**2 + 58*l - 4. Calculate q(n).
-4
Let d(c) be the second derivative of -3*c**5/20 - c**4/12 + 32*c. Let g(k) = 3*k - 25. Let f be g(10). Suppose 3*s = -j + f, 2*s - 7*j + 8 = -2*j. Give d(s).
-4
Let m(b) = -2*b + 2. Let r be m(1). Suppose -2*y + 4*k = r, -y - k = 4*y. Let i(d) = -d + 0 + 3*d**2 + 4 - 2*d**2. Calculate i(y).
4
Let h(s) = s**3 - 5*s**2 + 63*s - 225. Let k be h(4). Let o(f) = -f**3 + 11*f**2 - 6*f + 4. What is o(k)?
-62
Let u(y) = -y**3 + 8*y**2 - 8*y + 8. Suppose 2*j = j - 57. Let f = -57 - j. Suppose f = 4*l + 2*m - 34, 0 = -3*l + 5*l - 2*m - 8. Calculate u(l).
1
Let f(k) = -47*k + 43*k + 1 + 11*k - 2*k**2. What is f(7)?
-48
Suppose 3*s = -5*a + 8, -a + 5*s = -3*a + 26. Let x(j) = -2*j**2 + 2*j + 1. Determine x(a).
-11
Let i(f) = -f**2 + 8*f - 8. Let x be ((-2)/(-3))/(-2 + (-224)/(-108)). Let n be -7*(-8)/x - 28/126. What is i(n)?
4
Let z(l) be the first derivative of l**4/4 + 2*l**3 + 7*l**2/2 + 5*l + 1590. Determine z(-6).
-37
Let m be (-30)/(-7) + 1*(-6)/21. Let o = 8 + m. Let d(k) = 2 + 16 - o - k. What is d(7)?
-1
Suppose 0 = 15*d - 10*d - 930. Let a = d + -182. Let b(w) = w**3 - 4*w**2 + w - 3. What is b(a)?
1
Let t(u) = u**2 - u + 6. Let y = 273 + -248. Suppose -5*h - y = -5*x, -4*h - 5 = -5*x - 3*h. What is t(x)?
6
Let v(c) be the first derivative of 0*c - 2 - 1/6*c**3 - 1/24*c**4 + c**2. Let j(t) be the second derivative of v(t). Give j(-4).
3
Let o(k) = -k**2 - 40*k + 133. Let i be o(3). Let j(v) = 17*v - 9. Determine j(i).
59
Let c(y) be the third derivative of -y**5/60 - 5*y**4/12 + y**3 + y**2. Suppose -2*j + 36*o = 39*o + 16, 2*o = 4*j + 32. What is c(j)?
22
Suppose 837 = -2*b + 1029. Let j(o) = 184 - 87 - b - o. Suppose -3*k = m - 6, -4*m + 8 + 5 = k. Give j(m).
-2
Suppose 5971 = 9*y + 5980. Let j(v) = -53*v**2 + v. What is j(y)?
-54
Let u(h) be the first derivative of 59*h**3/3 + h**2 + 3*h - 3426. What is u(-1)?
60
Let p be 75/90 + (2 - (-22)/(-12)). Let r(h) = -2*h**3 - h**2 + h + 1. Let o(v) = -9*v**3 - 7*v**2 + 5*v + 6. Let i(z) = p*o(z) - 5*r(z). What is i(3)?
10
Let v(i) = i**3 + 5*i**2 - 4*i + 1. Let t(y) = 28*y**3 - 2*y - 2. Let u be t(-1). Let r = u - 32. Let b be 15/2*r/75. Give v(b).
-11
Let a(k) = -k**2 + 5*k - 4. Suppose -s - 5 = 1. Let i be (12/(-8))/(3/s). Suppose -i*o - 15 = -6*o. Give a(o).
-4
Suppose 7*p = -35 + 7. Let b(z) = -8*z + 17. Calculate b(p).
49
Let s = -6825 + 6831. Let h(f) = 2*f**2 + 11*f - 1. Let w(q) = -q**2 - 6*q + 1. Let y(t) = 6*h(t) + 11*w(t). Give y(s).
41
Suppose -1309 = 338*o + 43. Let q(b) = b**3 + 2*b**2 - 3*b - 5. Give q(o).
-25
Let m(v) = -2*v**3 + 22*v**2 - 33*v - 21. Let c(z) = -z**3 + 11*z**2 - 16*z - 10. Let k(q) = 7*c(q) - 3*m(q). Give k(10).
-37
Let c = -18 - -21. Suppose -3*j = c*v - 78, 0 = 5*j - 8 - 7. Suppose -4*f + v = -3*s, -4*s - 11 = -s + 2*f. Let u(w) = 2*w**2 + 6*w - 5. Calculate u(s).
15
Let o(b) be the second derivative of b**5/20 + 5*b**4/12 + b**3 + 4*b**2 - 64*b. Determine o(-4).
0
Let q(t) = -12*t**2 - 170*t - 595. Let b be q(-7). Let z(w) = w**2 + 0 - 7*w + 0. Determine z(b).
0
Let f(q) = 3*q**2 - 2*q - 3. Let s(a) be the first derivative of a**3/3 - 85. Let g(x) = f(x) + s(x). Determine g(-2).
17
Let d(h) = -h**3 + h**2 - h - 13. Let s(q) = -5*q**3 - 4*q**2 + 3*q + 36. Let b(z) = -3*d(z) - s(z). Determine b(2).
71
Let y = -7399 + 7376. Let m(x) = -x**3 - 24*x**2 - 25*x. What is m(y)?
46
Let v = -44 + 37. Let h(d) = -23*d - 30. Let i(f) be the second derivative of -2*f**3/3 - 5*f**2/2 - 18*f. Let z(t) = -6*h(t) + 34*i(t). Give z(v).
-4
Let k(z) be the second derivative of 6*z**2 + 1/120*z**6 - 1/6*z**4 + 1/60*z**5 + 0 + 19*z + 1/6*z**3. Let t(p) be the first derivative of k(p). What is t(-3)?
-5
Let b = 623 + -557. Let i(h) = -b*h - 64*h + 2 + 105*h - 3. Determine i(-1).
24
Let y(j) be the third derivative of 9*j**4/8 - 140*j**3/3 - 2*j**2 - 32*j + 24. Determine y(10).
-10
Let g(c) be the third derivative of -7*c**4/24 + 2*c**2. Let x(p) = 5*p**2 + 22*p + 23. Let f be x(-3). Give g(f).
-14
Suppose 0 = -3*y + 4*y + 44. Let q = -145 - -190. Let j = q + y. Let g(d) = -6*d - 1. What is g(j)?
-7
Let w(k) be the third derivative of k**4/6 - 31*k**3/6 - 908*k**2. Give w(8).
1
Let h be (-1050)/350 - ((-1)/(-1) - 3). Let n(w) be the second derivative of 7*w**4/4 + w**3/3 + w**2/2 - w. What is n(h)?
20
Let p(l) = 9*l**2 - 6*l**2 + l - 2*l**2 - 3*l**2 + 35*l**3. Let a = -300 - -301. What is p(a)?
34
Let o(v) be the third derivative of v**6/60 + v**5/12 - 5*v**4/24 - 5*v**3/3 - 3112*v**2. Give o(-4).
-38
Let g be -1 + ((-25)/125)/(4/(-30)). Let n(z) be the first derivative of -1/3*z**3 + 3 + 20*z + g*z**2. Give n(0).
20
Let g(i) = i**3 - 17*i**2 - i + 22. Suppose -12*d = 78*d - 1530. Give g(d).
5
Suppose -u = -2*s + 88, 5*u + 440 = -s + 5*s. Let w be 4/22 - ((-64800)/u)/(-9). Let z = 78 - w. Let v(y) = 6*y - 2. Calculate v(z).
-26
Let h(t) = t**3 - 7*t**2 + 6*t + 4. Let a(v) = v**2 + 7*v + 6. Let l be a(0). What is h(l)?
4
Let k(i) = -7*i**3 - 5*i**2 - 3*i + 1. Let c = 10639 + -10640. Determine k(c).
6
Suppose 4*z - 8 = s + 1, -4*s = 2*z - 18. Let v(w) = -26*w**s + 18*w**3 + 1 - 11*w**3 - w**2 + 0*w**2. Let h be (-2 + (0 - -1))/1. Determine v(h).
19
Suppose -2*p + 10*i = 7*i - 3, 3*p + 2*i + 2 = 0. Let v(s) = s**3 - s**2 + 2. Give v(p).
2
Let z(l) = -5*l + 88. Let r be z(17). Let d(o) = 3*o**2 + 7. Let h(k) = k**2 + 2. Let g(c) = r*d(c) - 8*h(c). Calculate g(0).
5
Let k = -5 - 1. Let b(j) = j**3 - 3*j**2 + 56*j. Let q(a) = a**3 - 5*a**2 + 71*a. Let m(n) = 5*b(n) - 4*q(n). Calculate m(k).
-12
Suppose h - 5*b - 285 = -3*h, b = -4*h + 279. Let w be 96/28 + (-30)/h. Let n(u) = -u**2 + 3*u + 3. Give n(w).
3
Let w = -80 + 88. Let x(i) = -38*i + w*i + 22*i + 19*i. Calculate x(2).
22
Let k(a) = -23*a + 39. Let y be k(-1). Let j(u) = 25*u - y*u + 28 + 32*u. Calculate j(7).
-7
Suppose 4*n = 3*n, -f - 2*n = -5. Let m be 15/(-21) + ((-231)/(-49) - f). Let p(h) = 1 + 3*h - h + 0 + 10*h**2. Determine p(m).
9
Let r(y) be the second derivative of -1/8*y**4 - 11*y - 1/60*y**5 + 0 + 1/2*y**3 + 9/2*y**2. Let v(n) be the first derivative of r(n). Determine v(-3).
3
Let s be (0 - 12/(-4))/(18/48*1). Let d(h) = h**3 - 11*h**2 + 21*h + 8. Calculate d(s).
-16
Let n(x) = 2*x**3 - 2*x**2 + x - 2. Suppose 30 = -g + 158. Suppose g = -17*u + 162. What is n(u)?
8
Let z(u) = -32*u - 12. Let d(t) = 11*t + 4. Let f(b) = -17*d(b) - 6*z(b). Let s be f(2). Let n(k) = -9 - k + s + 0. Give n(5).
0
Suppose 294 = 23*u + 26*u. Let a(n) = 3*n**3 - 20*n**2 + 12*n. Give a(u).
0
Let f(t) = -3*t - 5. Let b = 140 + -160. Let r be b/7 - (-3)/(-21). Let w(m) = 6*m + 9. Let n(d) = r*w(d) - 7*f(d). What is n(-5)?
-7
Suppose 1 = 263*j - 262*j + f, 2*f - 11 = -5*j. Let m(r) be the third derivative of -1/60*r**5 - 1/2*r**3 + 4*r**2 + 0*r + 0 + 5/24*r**4. Determine m(j).
3
Let f be (-20 + 2 - -3)/(87/(-29)). Let j(l) = -l**2 + 6*l - 26. Calcu